484?
2, 42540371
What are the prime factors of 760330226?
2, 14207, 26759
List the prime factors of 126807749.
29, 1217, 3593
List the prime factors of 55434262.
2, 13, 31, 68777
What are the prime factors of 1263694296?
2, 3, 52653929
What are the prime factors of 26671454?
2, 13335727
List the prime factors of 376040949.
3, 103, 1216961
List the prime factors of 241259866.
2, 7853, 15361
List the prime factors of 5760932477.
17, 967, 350443
What are the prime factors of 151758004?
2, 37939501
List the prime factors of 638039247.
3, 19, 11193671
What are the prime factors of 908266889?
6967, 130367
What are the prime factors of 27739052?
2, 11, 630433
List the prime factors of 52725141.
3, 7, 31, 8999
List the prime factors of 1432974.
2, 3, 238829
List the prime factors of 278442998.
2, 499, 279001
List the prime factors of 65492373.
3, 19, 1148989
List the prime factors of 428726566.
2, 547, 391889
List the prime factors of 325766741.
325766741
List the prime factors of 886373579.
7, 13, 19, 59, 8689
List the prime factors of 54015816.
2, 3, 167, 13477
List the prime factors of 16959575.
5, 678383
List the prime factors of 58064006.
2, 7, 11, 13, 23, 97
List the prime factors of 1499080409.
1499080409
List the prime factors of 1530864013.
7, 877, 249367
What are the prime factors of 50681486?
2, 1321, 19183
What are the prime factors of 2810662670?
2, 5, 157, 1790231
List the prime factors of 209352299.
13, 1238771
What are the prime factors of 787384269?
3, 7, 211, 59233
What are the prime factors of 141526798?
2, 7, 191, 7561
What are the prime factors of 1209329767?
8089, 149503
What are the prime factors of 1922233255?
5, 863, 445477
What are the prime factors of 97447005?
3, 5, 167, 12967
List the prime factors of 1234604172.
2, 3, 691, 148891
What are the prime factors of 838760?
2, 5, 13, 1613
What are the prime factors of 395612935?
5, 53, 1492879
What are the prime factors of 49095916?
2, 12273979
What are the prime factors of 19879000?
2, 5, 103, 193
What are the prime factors of 113184376?
2, 14148047
What are the prime factors of 119438088?
2, 3, 7, 11, 1319
What are the prime factors of 6326030907?
3, 7, 181, 761
What are the prime factors of 38352252?
2, 3, 3196021
What are the prime factors of 278949193?
653, 427181
List the prime factors of 4888095354.
2, 3, 271560853
What are the prime factors of 717185617?
223, 3216079
List the prime factors of 290327892.
2, 3, 24193991
List the prime factors of 50559463.
2243, 22541
List the prime factors of 28235092.
2, 1861, 3793
What are the prime factors of 204091902?
2, 3, 7, 17, 151, 631
List the prime factors of 7250450399.
29, 3931, 63601
What are the prime factors of 37878071?
7, 11, 491923
List the prime factors of 370222765.
5, 11, 6731323
List the prime factors of 120799143.
3, 2699, 4973
What are the prime factors of 679413624?
2, 3, 29, 41, 821
What are the prime factors of 1500036?
2, 3, 125003
List the prime factors of 80720699.
73, 79, 13997
List the prime factors of 1294256290.
2, 5, 53, 727, 3359
List the prime factors of 9692244.
2, 3, 17, 5279
List the prime factors of 182462418.
2, 3, 10136801
List the prime factors of 1838330801.
137, 2203, 6091
List the prime factors of 149074034.
2, 43, 743, 2333
List the prime factors of 1288255024.
2, 7, 19, 23, 26321
List the prime factors of 61490630.
2, 5, 6149063
What are the prime factors of 441856784?
2, 137, 201577
List the prime factors of 5099350757.
1901, 2682457
What are the prime factors of 98169076?
2, 107, 347, 661
List the prime factors of 1565491120.
2, 5, 163, 271, 443
What are the prime factors of 324310?
2, 5, 7, 41, 113
What are the prime factors of 539037933?
3, 7, 25668473
What are the prime factors of 389462450?
2, 5, 13, 23, 109, 239
What are the prime factors of 15043688?
2, 11, 15541
List the prime factors of 2454720974.
2, 1227360487
What are the prime factors of 6091036?
2, 7, 43, 5059
What are the prime factors of 644618107?
7, 37, 1277, 1949
What are the prime factors of 603156840?
2, 3, 5, 11, 13, 35149
List the prime factors of 52464484.
2, 67, 163, 1201
What are the prime factors of 63806205?
3, 5, 4253747
List the prime factors of 47150094.
2, 3, 7858349
What are the prime factors of 147185098?
2, 109, 675161
What are the prime factors of 19658768?
2, 19, 64667
What are the prime factors of 28517179?
29, 31, 31721
List the prime factors of 56767864.
2, 23, 308521
What are the prime factors of 3054637444?
2, 59, 277, 46727
List the prime factors of 124471850.
2, 5, 19, 131023
List the prime factors of 1329182737.
1329182737
List the prime factors of 1666193.
139, 11987
What are the prime factors of 69587722?
2, 34793861
What are the prime factors of 1678965922?
2, 839482961
List the prime factors of 3932235441.
3, 4691, 93139
What are the prime factors of 5264395944?
2, 3, 31, 491, 14411
List the prime factors of 2408528087.
7, 61, 773, 7297
What are the prime factors of 9042796?
2, 7, 41, 7877
What are the prime factors of 51973011?
3, 5774779
List the prime factors of 58480896.
2, 3, 76147
What are the prime factors of 125570726?
2, 6427, 9769
List the prime factors of 1258360645.
5, 643, 391403
List the prime factors of 29549916.
2, 3, 11, 71, 1051
What are the prime factors of 826967291?
179, 4619929
List the prime factors of 38329082.
2, 11, 31, 43, 1307
What are the prime factors of 667648275?
3, 5, 7, 139, 1307
List the prime factors of 2811488860.
2, 5, 140574443
List the prime factors of 162671257.
7, 53, 438467
List the prime factors of 35516161.
47, 755663
What are the prime factors of 122554372?
2, 373, 82141
What are the prime factors of 185379150?
2, 3, 5, 11, 283, 397
List the prime factors of 10221816.
2, 3, 11, 31, 1249
List the prime factors of 4589151149.
11, 19, 167, 11953
List the prime factors of 1022365563.
3, 340788521
List the prime factors of 1435183332.
2, 3, 11, 839, 12959
List the prime factors of 79653758.
2, 263, 151433
List the prime factors of 376624631.
19, 157, 126257
List the prime factors of 989758414.
2, 2003, 247069
List the prime factors of 213661930.
2, 5, 2963, 7211
What are the prime factors of 87595327?
71, 311, 3967
List the prime factors of 326217566.
2, 41, 3978263
What are the prime factors of 1214929649?
31, 47, 833857
What are the prime factors of 154357473?
3, 1123, 45817
What are the prime factors of 14419243?
14419243
What are the prime factors of 580314029?
47, 59, 3547
List the prime factors of 326461694.
2, 13, 73, 101, 131
What are the prime factors of 14028097?
14028097
What are the prime factors of 2572772886?
2, 3, 643, 222289
What are the prime factors of 1166432841?
3, 7, 2089, 8863
What are the prime factors of 1448608317?
3, 13, 19, 337, 5801
What are the prime factors of 3783154303?
61, 353, 175691
What are the prime factors of 1569322334?
2, 83, 9453749
List the prime factors of 17871140.
2, 5, 7, 107, 1193
What are the prime factors of 1182538221?
3, 394179407
What are the prime factors of 3996040335?
3, 5, 7, 4801, 7927
List the prime factors of 50614858.
2, 7, 23, 157189
What are the prime factors of 1355150203?
11, 43, 277, 10343
List the prime factors of 81646612.
2, 593, 34421
List the prime factors of 120409918.
2, 5303, 11353
List the prime factors of 48103522.
2, 24051761
List the prime factors of 1048784558.
2, 3797, 138107
List the prime factors of 974644978.
2, 131, 173, 21503
What are the prime factors of 64634207?
11, 534167
List the prime factors of 4591621191.
3, 71, 21556907
What are the prime factors of 354608583?
3, 7, 16886123
List the prime factors of 233023957.
73, 271, 11779
List the prime factors of 1650000701.
859, 1920839
List the prime factors of 53558947.
13, 4119919
What are the prime factors of 425249395?
5, 571, 148949
What are the prime factors of 365507007?
3, 23, 5297203
What are the prime factors of 448733009?
448733009
List the prime factors of 591546684.
2, 3, 19, 2594503
List the prime factors of 1035910093.
71, 14590283
What are the prime factors of 678370110?
2, 3, 5, 11, 19, 108193
What are the prime factors of 37439962?
2, 7, 547, 4889
List the prime factors of 45641378.
2, 113, 201953
List the prime factors of 21573439.
21573439
What are the prime factors of 27354450?
2, 3, 5, 43, 424